ate the greatest common factor of 3520 and 44550.
110
Calculate the greatest common divisor of 36 and 142548.
12
What is the greatest common factor of 36156 and 828?
276
What is the greatest common factor of 6194 and 655586?
326
What is the highest common divisor of 22890 and 76191?
327
Calculate the greatest common factor of 36 and 43764.
12
Calculate the highest common divisor of 28 and 433839.
7
Calculate the greatest common factor of 5005 and 31262.
77
Calculate the highest common divisor of 161 and 641263.
161
Calculate the highest common factor of 12600 and 1017000.
1800
What is the greatest common factor of 520 and 59176?
104
What is the highest common divisor of 11134 and 238502?
586
What is the greatest common divisor of 54 and 221346?
54
What is the greatest common divisor of 144408 and 11352?
264
Calculate the highest common factor of 430756 and 339.
113
Calculate the highest common divisor of 41088 and 512.
128
Calculate the greatest common divisor of 26967 and 14151.
267
Calculate the highest common factor of 1182707 and 493.
493
What is the highest common factor of 15801750 and 675?
675
What is the greatest common divisor of 707259 and 84?
21
Calculate the highest common factor of 12367 and 10292.
83
What is the greatest common factor of 40515 and 5037?
219
Calculate the highest common factor of 5336 and 1856.
232
Calculate the greatest common divisor of 50085 and 8215.
265
What is the highest common divisor of 6 and 503256?
6
Calculate the greatest common divisor of 715 and 122551.
143
What is the greatest common divisor of 1288 and 773122?
322
Calculate the greatest common divisor of 2768 and 232.
8
What is the highest common divisor of 117 and 162918?
9
What is the highest common divisor of 111683 and 1001?
143
Calculate the greatest common divisor of 180482 and 426.
142
Calculate the highest common divisor of 16200 and 1760.
40
What is the greatest common divisor of 7236 and 216?
108
Calculate the highest common factor of 35 and 407925.
35
Calculate the highest common divisor of 1184 and 1813.
37
What is the greatest common factor of 57250 and 10534?
458
What is the greatest common factor of 161334 and 144?
18
What is the greatest common divisor of 3179475 and 195?
195
What is the highest common divisor of 4779 and 2592?
81
What is the greatest common divisor of 121529 and 159?
53
What is the greatest common factor of 1222 and 397526?
94
What is the greatest common factor of 27136 and 371?
53
What is the greatest common factor of 377 and 72964?
29
What is the highest common divisor of 180 and 10728?
36
What is the highest common factor of 3197 and 5405?
23
What is the greatest common divisor of 6237 and 924?
231
What is the greatest common factor of 668 and 136?
4
What is the greatest common divisor of 336 and 81494?
14
What is the greatest common factor of 2166 and 29963?
361
What is the greatest common factor of 5580 and 124000?
620
Calculate the highest common factor of 500 and 340.
20
What is the greatest common divisor of 249 and 11786?
83
What is the highest common divisor of 77 and 48769?
7
Calculate the highest common divisor of 1440 and 1107.
9
Calculate the highest common factor of 200 and 1820.
20
What is the highest common factor of 416180 and 60?
20
Calculate the highest common divisor of 68022 and 2034.
18
Calculate the greatest common factor of 20 and 3160.
20
What is the greatest common factor of 1344 and 132048?
336
What is the greatest common divisor of 60 and 913520?
20
What is the highest common factor of 16695 and 55125?
315
Calculate the highest common factor of 4344 and 96.
24
Calculate the highest common factor of 85 and 11747.
17
What is the greatest common divisor of 576 and 1503?
9
Calculate the highest common divisor of 74361 and 21.
21
Calculate the highest common divisor of 13948 and 924.
44
What is the highest common divisor of 127099 and 8442?
469
What is the highest common divisor of 1500 and 274200?
300
Calculate the greatest common divisor of 58 and 32.
2
Calculate the highest common factor of 9400 and 34498.
94
Calculate the greatest common divisor of 5 and 59094.
1
What is the highest common factor of 1775 and 7739?
71
What is the greatest common factor of 5055 and 615?
15
What is the highest common factor of 60285 and 85?
5
Calculate the highest common divisor of 21 and 857.
1
What is the highest common factor of 10478 and 135811?
403
What is the greatest common factor of 5370 and 2712?
6
Calculate the highest common divisor of 9060 and 1500.
60
What is the greatest common factor of 60710 and 650?
130
Calculate the highest common factor of 65 and 5840.
5
What is the greatest common divisor of 8294 and 174?
58
Calculate the greatest common divisor of 830 and 33034.
166
Calculate the highest common divisor of 6930 and 1010295.
495
What is the highest common divisor of 802700 and 3220?
460
Calculate the highest common divisor of 2754 and 322524.
306
Calculate the greatest common divisor of 21504 and 21.
21
What is the greatest common factor of 15684 and 48?
12
Calculate the highest common divisor of 31812 and 4620.
132
Calculate the highest common factor of 11866 and 10.
2
Calculate the greatest common factor of 22416 and 3269.
467
What is the highest common factor of 22 and 51139?
11
What is the greatest common factor of 790120 and 40?
40
Calculate the highest common factor of 198 and 30426.
66
Calculate the greatest common divisor of 3310 and 40.
10
Calculate the greatest common factor of 410 and 2520270.
410
What is the greatest common divisor of 79849 and 35563?
671
What is the highest common factor of 66 and 14399?
11
Calculate the highest common factor of 23862 and 36.
6
What is the highest common divisor of 128 and 13976?
8
Calculate the greatest common factor of 20374 and 167.
167
Calculate the greatest common factor of 3309983 and 37.
37
Calculate the greatest common factor of 1744 and 32.
16
Calculate the highest common divisor of 1317 and 365248.
439
What is the highest common divisor of 1917 and 783?
27
What is the greatest common factor of 57 and 42503?
19
Calculate the greatest common factor of 404 and 120998.
202
Calculate the highest common factor of 270946 and 442.
442
What is the greatest common divisor of 55 and 260425?
55
What is the highest common divisor of 119 and 26565?
7
What is the greatest common factor of 735290 and 10?
10
Calculate the highest common factor of 30 and 8840.
10
What is the greatest common factor of 244 and 9436?
4
What is the highest common divisor of 334 and 24215?
167
What is the greatest common factor of 16625 and 325?
25
Calculate the greatest common divisor of 1899 and 73428.
633
Calculate the highest common divisor of 3531529 and 17.
17
Calculate the greatest common factor of 665 and 3800.
95
What is the greatest common divisor of 3542504 and 686?
686
Calculate the highest common divisor of 1001 and 8239.
77
Calculate the highest common divisor of 760 and 72770.
190
What is the highest common divisor of 5934 and 903?
129
What is the highest common divisor of 594 and 40722?
66
What is the highest common divisor of 780 and 68?
4
Calculate the greatest common factor of 710 and 2573182.
142
Calculate the greatest common factor of 4 and 56708.
4
What is the highest common divisor of 55 and 2841575?
55
What is the highest common factor of 305 and 6408965?
305
Calculate the highest common divisor of 201240 and 1300.
260
Calculate the highest common divisor of 63 and 234717.
21
Calculate the greatest common factor of 196 and 670222.
98
What is the highest common factor of 2148 and 142484?
716
Calculate the greatest common divisor of 7546 and 12348.
686
Calculate the highest common factor of 20 and 22544.
4
What is the highest common divisor of 13341456 and 12?
12
Calculate the greatest common factor of 16 and 13400.
8
What is the greatest common factor of 143 and 318593?
11
What is the highest common divisor of 384 and 110208?
384
What is the greatest common factor of 4456 and 107501?
557
Calculate the greatest common factor of 1960 and 14840.
280
What is the highest common factor of 59541 and 46161?
669
What is the highest common factor of 21 and 27972?
21
What is the highest common factor of 226407 and 489?
489
Calculate the highest common div